 3*y - b. Let a = 20 + y. What are the prime factors of a?
2, 5
Suppose s = 5*r + 6*s - 245, 0 = -2*r - 3*s + 103. List the prime factors of r.
2, 11
Suppose 2*l = 3*l - 3. Suppose -g - 4*f = -13, -f + 2*f - 13 = l*g. List the prime factors of 2/g + 128/12.
2, 5
Let k(m) = 8*m**3 + m. Let z be k(1). Suppose 0 = u - z - 24. List the prime factors of u.
3, 11
Let y(i) be the first derivative of i**7/840 + i**5/120 - 2*i**3/3 + 2. Let h(f) be the third derivative of y(f). What are the prime factors of h(2)?
2, 5
Let x(d) = -d**2 + 24*d - 41. What are the prime factors of x(18)?
67
Let r = 307 - 176. Suppose -4*t = z + 2*z - r, 0 = -4*t + z + 111. List the prime factors of t.
29
Let k be ((-60)/(-14))/((-2)/14). What are the prime factors of (-4 - 3)*k/7?
2, 3, 5
List the prime factors of 874/5 + (-3)/(-15).
5, 7
Let t be (-3 - -1)*(-2 + 0). Let w(z) be the first derivative of -z**3/3 + 2*z**2 + 3*z + 3. List the prime factors of w(t).
3
Let p = 34 - 5. List the prime factors of p.
29
Suppose -12*u = -17*u + 710. What are the prime factors of u?
2, 71
Suppose -4*t - 4*l + 236 = 0, -345 + 121 = -4*t - l. Suppose t + 106 = 3*z + 4*q, 3*z - 157 = -2*q. What are the prime factors of z?
3, 17
Suppose -5*u = -21 - 29. Suppose -7*i + u*i - 27 = 0. What are the prime factors of i?
3
Let b(g) = -g**2 + 23*g - 8. List the prime factors of b(17).
2, 47
Let p = 0 - 4. Let t be 6/p*(-8)/6. Suppose 8 = t*s - 4*i - 6, 4*s - 16 = -4*i. What are the prime factors of s?
5
Suppose -3*k + 4*r = -25, -r - 13 = -2*k + 2. Let y = 7 - k. Suppose 3*p + y + 3 = 4*j, 0 = 4*j - 4*p. List the prime factors of j.
3
Let w be -3 + (51 - -2) + 3. Let g = w - 32. What are the prime factors of g?
3, 7
Let m = 29 - 15. List the prime factors of m.
2, 7
Suppose 0 = -4*d + 5*d + 11. Let j = d - -13. What are the prime factors of j?
2
Suppose 4*y - 3*y = 1. Let j(t) = t - y - 2*t**2 + 4*t**2 - t**2. List the prime factors of j(2).
5
Suppose -9 = -3*z, -3*z + 29 = -4*v + 4. Let y(r) = 6*r**3. Let w be y(1). Let a = v + w. What are the prime factors of a?
2
Suppose 0 = -2*d - 3*q - 801, 2*q = d + 207 + 211. What are the prime factors of d/(-52) + (-4)/(-26)?
2
Let f(c) = -2*c. Let h = -5 - -2. Let q = h + 2. List the prime factors of f(q).
2
Let a = 162 - 36. What are the prime factors of a?
2, 3, 7
What are the prime factors of ((-105)/6)/((-5)/10)?
5, 7
Let y = 7 - 5. Suppose 3*l - 29 = y*l. Suppose 13 = -b + l. What are the prime factors of b?
2
Suppose 4 + 2 = -2*m + 2*w, -3 = -4*m + w. Suppose 2*a + m*u = 34, 3*a - 5*u - 59 = -a. List the prime factors of a.
2
Suppose -4*w + 306 = 54. What are the prime factors of w?
3, 7
Let y be 9 - (-2)/(-4)*-4. Suppose 3*r + k = 17, 4*r + 0 = k + y. Suppose 5*l = -r*n + 37, 0 = n - 6*n - 4*l + 44. List the prime factors of n.
2
Let x(q) = q**3 - 2*q**2 + q + 2. What are the prime factors of x(6)?
2, 19
Let s(l) be the second derivative of l**3/6 + 9*l**2/2 - 4*l. Let k be s(-7). Suppose -t - 2 = -3*c, k*t + 4*c = -2*t + 24. What are the prime factors of t?
2
Suppose 3*v - 675 = -0*v. List the prime factors of v.
3, 5
Let p = 15 - 1. Suppose -5*l - p = -t - 4*l, -t + 5*l - 2 = 0. What are the prime factors of t?
2, 3
Let z = 32 + -61. List the prime factors of -5 + 5 - z*1.
29
Suppose 3 = 3*z - 0*z. List the prime factors of -23*z*(0 + -1).
23
Let w be ((-14)/(-8))/((-1)/(-4)). Let d be (-80)/12*12/(-5). Let q = d - w. List the prime factors of q.
3
Suppose 3*x = -c + 21 + 28, 5*x + 3*c - 83 = 0. What are the prime factors of x?
2
Suppose 22 = 3*y - 5*q, 3*q + 16 = y + 6. Suppose -3*u + 2*m - 6 = -15, 2*u - y*m = 14. List the prime factors of 18/4 - u/2.
2
Suppose -3*f = -r, -6 - 8 = -2*f - 4*r. Let o = f + 2. Suppose 5*v - 2*i + o*i = 7, -v - i = 1. What are the prime factors of v?
2
Suppose d + 55 = 5*m, 0*m - 2*m + 4*d = -40. Let f be (10/5)/(0 - -2) + -9. Let q = m + f. List the prime factors of q.
2
Let s be (-1)/(-2)*-1*-4. Suppose 37 = 3*g - 5*b, 2 = g + s*g + 2*b. Suppose g*k - 12 = -2*v, -v + 17 = 4*v - 3*k. What are the prime factors of v?
2
Let b be 70/(-8) - (-1)/(-4). Let z(o) = o**3 - 5*o**2 - 7. Let r be z(5). Let i = r - b. What are the prime factors of i?
2
Suppose 4*n - 356 = -4*q, 5*q = 2*n - 228 + 22. What are the prime factors of n?
3, 31
Suppose 5*n + 18 = 2*f, -5*n + 45 = f + 4*f. Let u be (-56)/(-9) + (-2)/f. Suppose 5*s - 73 = -3*a - 27, s - u = a. What are the prime factors of s?
2
What are the prime factors of ((-22)/(-1))/((-13)/(-65))?
2, 5, 11
Suppose -2*s + 5*g = -125, -2*g - 204 = -3*s - 0*s. List the prime factors of s.
2, 5, 7
Let s = 3 - 3. Let g be 1/1 - (s + -3). List the prime factors of g + (2 - 2) + 0.
2
Suppose 3*m - 5*m = 24. Let t be (-4)/10 + m/(-5). Suppose 25 = y - t*x, y - 28 = -0*y + 3*x. What are the prime factors of y?
19
Let h = -6 - -14. List the prime factors of h.
2
Suppose 6 = 3*f - 0. Suppose 5*s + 25 = 2*m, -f*s + 3 = 5. List the prime factors of m.
2, 5
Suppose 0 = t + 3*q - 17, 2*t + 2*q + 2*q = 38. What are the prime factors of t?
23
Suppose -4*c = u - 13, -5 + 2 = -3*u. Suppose -7*d = -c*d - 48. List the prime factors of d.
2, 3
Suppose 11 = 2*s - 55. List the prime factors of s.
3, 11
Let g = 14 + -8. List the prime factors of g.
2, 3
Suppose 10*l = 4*l + 30. What are the prime factors of l?
5
Let j be (-4)/(-14) + (-6)/21. Suppose -h + j = -10. What are the prime factors of h?
2, 5
Let y be (-2)/((-2*2)/16). Let a = y - -18. List the prime factors of a.
2, 13
Suppose -9 = -h - 1. Let d(r) = -h + r**2 + 12 + 7 - r. List the prime factors of d(0).
11
Let n(o) = -7*o**2 - o. Let z be n(-1). Let t be -3*30/(-27)*z. Let x = t + 35. What are the prime factors of x?
3, 5
Suppose -64 = 2*b + g, -3*g = 3*b + 27 + 63. Let u = b - -51. What are the prime factors of u?
17
Let q = 1 - 0. Let h(x) = -4 - 4*x**2 + 3 + 10*x**2. What are the prime factors of h(q)?
5
List the prime factors of 10/2*(-792)/(-30).
2, 3, 11
Suppose -34*y + 135 = -31*y. List the prime factors of y.
3, 5
Let u(p) = 8*p + 7. Let k(l) = -l - 1. Let z(r) = 18*k(r) + 2*u(r). Let m = -14 - -10. List the prime factors of z(m).
2
Let k(t) = t**3 - 2*t**2 - 3*t. Let d be k(3). Suppose 3*p - 3 = -d. What are the prime factors of 26/p - (-1 - -4)?
23
Let w(u) = u**2 + 2*u - 2. Let y be w(-4). Let h = 3 + 0. Suppose 4*i + h*l + y = 5*i, i = -5*l + 22. List the prime factors of i.
2, 3
Let k(z) = -19*z**3 + z**2 + z. Let b be (2 - 1 - 2) + 4. Suppose -5*g - 6 = -o, -7 = g - 3*o - b. List the prime factors of k(g).
19
Let p(h) = h**3 - 2*h**2 - 3*h - 4. Let m be p(3). Let r(x) = -x**2 - 5*x - 2. List the prime factors of r(m).
2
Let q be (1 - 1)/(2 + 0). Suppose 5*s - 148 + 43 = q. List the prime factors of s.
3, 7
Suppose 5*c = -15, -2*g - 2*c + 34 = -4*c. List the prime factors of g.
2, 7
Let c = -12 - -7. Let t(v) = v - 4 - 4*v + 1 + v. List the prime factors of t(c).
7
Let r(z) = 19*z**3 + z - 1. What are the prime factors of r(1)?
19
Suppose 11*x = 12*x - 38. List the prime factors of x.
2, 19
List the prime factors of ((-322)/4)/(1/(-2)).
7, 23
Let d(r) = -12*r - 5. Let l be d(3). Let p = l + 75. What are the prime factors of p?
2, 17
What are the prime factors of ((48/(-28))/1)/((-1)/63)?
2, 3
List the prime factors of 0 + -6 + 249 - (-1)/(-1).
2, 11
Suppose -37 - 65 = -3*y. List the prime factors of y.
2, 17
Let b(j) = -24*j. Let q be b(-2). Let x = -26 + q. Suppose s = -5*i + x, 4*i + 12 - 3 = 3*s. List the prime factors of s.
7
Let w = 17 + 23. What are the prime factors of w?
2, 5
Suppose 33 = 2*t + 237. List the prime factors of 4/16 - t/8.
13
Suppose -296 = -8*w - 32. What are the prime factors of w?
3, 11
Suppose 0 = -5*a + 4*j + 357, 5*a - a - 302 = -5*j. What are the prime factors of a?
73
What are the prime factors of (2 + (0 - -1))*220/6?
2, 5, 11
Let y = 13 + -16. What are the prime factors of 172/6 + (-1)/y?
29
Suppose -4*j - j + 4*a = 0, -2*j + 5*a = 0. Suppose -4*y + 0*y = j. What are the prime factors of (y + -18)/(-1 - 0)?
2, 3
Let i(j) be the second derivative of j**5/20 - 7*j**4/12 - 4*j**3/3 + j**2 + 2*j. Let t be i(8). Let u = 9 - t. What are the prime factors of u?
7
Suppose r - 5 = 4*n, 7 = 2*r + r - 4*n. Suppose 3*t - 46 = 4*j, -5*t - 5*j + 64 = -r. Suppose 5*c + t = 3*a, 3*c + 50 = a + 4*a. List the p